e
Suppose 0 = 5*l - 5*h - 1373937 - 200623, -629812 = -2*l + 5*h. Is (-42)/315 + l/45 composite?
True
Suppose -3*f + 19318 = 5*n + 135, -15349 = -4*n - 5*f. Let l = n - 2095. Is l composite?
False
Let m(z) = 9*z**3 - 2*z**2 + 17*z - 5. Is m(9) prime?
True
Suppose 3 + 23 = -13*x. Is 2223 + (-2)/(-1) + x + 4 composite?
True
Let u(p) = 140*p**2 - 62*p + 22. Let y be u(-12). Suppose y - 102734 = -16*m. Is m a composite number?
False
Suppose 0 = -3*p + 9, 2*r + p + p - 40 = 0. Let k be 4/3*(r + -11). Is (k + -34)*(55/(-2))/5 composite?
True
Suppose -b + 529*h - 534*h = -161303, 3*h = 0. Is b composite?
False
Let y be 108/(-12) + (-4 - -12). Is ((-9432)/6 - 2)*y/2 a composite number?
False
Let w(l) = -1383*l**3 + 14*l**2 + 34*l - 6. Let r be w(-3). Suppose 12*p - 89283 = -r. Is p a composite number?
False
Let n(l) = -644*l + 4. Let o be n(-6). Suppose -o - 296 = -z. Suppose -4*u - 8*u = -z. Is u composite?
False
Let o be (-1 + -2)*(-84)/(-27)*3. Let n be (o/84)/(-2*(-1)/12). Is (-1 + 0)/(2004/1004 + n) composite?
False
Let b(l) = l**2 - 8*l. Let g be b(8). Suppose 0 = 3*m + 4*w - 44 + 12, -2*w - 8 = 0. Suppose 5*f - m*f + 26851 = g. Is f composite?
False
Let x = -1402 + 1454. Let p(g) = 6*g**2 - 5*g - 5. Let i be p(-4). Let m = i - x. Is m composite?
False
Let f = 12618 - 8967. Let z be (3 + 8)/1 - -2. Suppose 0 = -16*k + z*k + f. Is k a composite number?
False
Is (-50)/475 - ((-12820828)/76 - 2) prime?
True
Suppose -105*g + 177*g = 183957336. Is g a prime number?
True
Suppose 7 = -m - 3*n, -3*m - m + 5*n = -40. Suppose 1899 + 491 = m*g. Suppose -2*i + 2397 = 6*y - y, -y + g = -i. Is y composite?
False
Suppose -9*s + 132 = -93. Suppose -s*y = -28*y + 4431. Is y a composite number?
True
Let t(s) = 89*s**2 - 47*s + 317. Is t(27) a composite number?
False
Is (-4440232*(-8)/160)/((-6)/(-15)) a composite number?
False
Let u = -156785 + 219576. Is u composite?
False
Suppose a - 2*a - 2*s = 2, -2*a - s + 8 = 0. Suppose -5*r = -5*i + 40, -r = -a*r + 4*i - 38. Let j(b) = 5*b**2 - 2*b - 1. Is j(r) prime?
True
Suppose -4*t - 4*p = -732756, -9*t + 3*p = t - 1831916. Is t composite?
False
Suppose 0 = 56*r - 59*r, 0 = 3*t - 5*r - 712743. Is t a composite number?
False
Let x = 17524 - 5565. Is x prime?
True
Let a(w) = -24802*w**3 + 3*w**2 + 28*w + 26. Is a(-1) a composite number?
True
Let d be (60/(-55))/(6/(-33)) + -5. Suppose -5*a + 10968 = -2*a. Is ((-1)/d)/((-8)/a) composite?
False
Suppose 3*r - 14*r - 9*r + 32283740 = 0. Is r composite?
False
Let l(f) be the third derivative of -5*f**4/12 + 7*f**3/6 + 16*f**2. Let n = -21 - -9. Is l(n) a composite number?
False
Is 7 + 1235178/60 + 9/(-30) composite?
False
Let o = 515 - 516. Is 8/4 + 5986/1 + o composite?
False
Suppose 0 = r - 2*x - 3, -4*x = 4*r - 0*x - 24. Suppose b + 2*d + 9 = 3*d, -4*d = -r*b - 49. Let u(j) = -5*j + 24. Is u(b) prime?
True
Let p(b) = 2333*b**3 - 4*b**2 - 124*b + 491. Is p(4) a prime number?
False
Suppose -8 = -4*l, 4*l - 22 - 4 = -c. Let f be ((-20)/6)/((-12)/c). Suppose f*k + 3987 = 8*k. Is k prime?
False
Is (3 - (-162081)/2)*12/234*13 a prime number?
False
Suppose -2278*t = -2215*t - 12007863. Is t a composite number?
True
Suppose 0 = c - 13*p + 9*p - 113753, 4*p - 454992 = -4*c. Is c composite?
False
Is 1298/3245 + (-1601166)/(-10) a composite number?
False
Let i(l) = l**2 + 19*l - 13. Let j(b) = b**2. Let h(g) = -i(g) - j(g). Let d be h(-9). Let s = 507 - d. Is s prime?
False
Suppose -4*c + 73*x - 71*x = -329408, -3*c + 5*x + 247077 = 0. Is c composite?
False
Let q be 2/(-5) + 7609/35. Let v be ((-9)/(-6))/((-12)/(-232)). Suppose -v*a = -28*a - q. Is a a composite number?
True
Let d(p) = 122*p**2 + 91*p - 344. Is d(19) a composite number?
False
Suppose 195 = -38*w - 71. Let y(s) = -2299*s + 90. Is y(w) prime?
True
Suppose -51*j + 1127509 = -5216228. Is j prime?
False
Let l(a) = 4*a**3 - 15*a**2 - 16*a - 23. Is l(15) a prime number?
False
Suppose -559*w + 15564916 = -47110723. Is w a composite number?
False
Let d = -58 - -50. Let s be (-2750)/(-3 - d)*-1. Suppose -o + s = -29. Is o a composite number?
True
Suppose 10*u = -18*u + 607361 - 38877. Is u a composite number?
True
Suppose 214*a = 215*a + 21150. Let o = 36877 + a. Is o a prime number?
True
Let u be ((-6)/(-9) - 6/9) + 60412. Let j be (4/10)/(-1) + u/55. Suppose -9*i = -207 - j. Is i a prime number?
False
Let f(o) = -o**3 - 7*o**2 - 6*o - 1. Let q be f(-5). Let x = -15 + q. Is (-8)/x + (-7055)/(-45) prime?
True
Let r(p) = 2*p**3 - 12*p**2 - 5*p + 7. Let f be r(6). Let o = f - -19. Is 5528/(-20)*10/o prime?
True
Suppose 2*b + z - 190379 - 95986 = 0, 2*b - z = 286371. Suppose -3*m + b = -2*r, -4*r = -3*r + 3. Is -1 + m/10 + (-12)/20 a composite number?
True
Suppose 2*v = -0*v - 23*v + 9966425. Is v a composite number?
True
Let y(a) = 472*a - 86. Let g be y(20). Let r = g + -6337. Is r a composite number?
True
Suppose -d - 1951 - 3123 = 0. Let z = 9517 + d. Is z a composite number?
True
Suppose -q - 1488786 = -5*k, -2*q - 332193 = 3*k - 1225462. Is k prime?
True
Suppose 0 = -3*m + 2*u - 4*u + 15, 4*m - 20 = -3*u. Suppose m*o - 14970 = 5*g, -14990 = -8*o + 3*o + g. Is o prime?
True
Let x be 21/(-42) + (3 - (-287)/2). Suppose 143*d - x*d = -46167. Is d a composite number?
True
Suppose 2297767 = -3*c + 9161611. Is 2/9 - c/(-468) a composite number?
False
Let z(n) = 9576*n**2 - 6*n - 17. Let r = 88 - 90. Is z(r) prime?
True
Let o(u) = u**3 + 9*u**2 - 10*u - 4. Let c be o(-10). Is (-7166)/c + (-201)/(-134) a composite number?
True
Let n = -6974 + 16349. Suppose 10*q = n - 685. Is q composite?
True
Let w = 92392 + -46095. Is w a composite number?
True
Suppose 71*z - 180165746 = -50*z - 85*z. Is z prime?
False
Let l(o) = -o**2 + 6*o - 9. Let p be l(3). Suppose 2*g - 2*m - 3 + 1 = 0, -5*g - 3*m - 3 = p. Suppose g = 18*v - 6*v - 13380. Is v a prime number?
False
Let y = -491 - -496. Suppose -y*a - 752 + 11017 = 0. Is a composite?
False
Suppose -5*x + 10*x = -t - 17, -3*t = -5*x - 9. Let w be (-7 + (-13)/t)*(0 - 0). Suppose 6*n = -w*n + 1938. Is n prime?
False
Suppose -c + 12 = -3*y, -34 - 34 = -4*c + 2*y. Is (17382/c)/(14/6 + -2) composite?
False
Let z = 193 - 182. Suppose 0 = -z*c + 36174 + 3569. Is c a composite number?
False
Suppose -155 - 191 = -2*h. Suppose -4*p + w = 61, 4*p - w - 51 = 7*p. Let j = p + h. Is j composite?
False
Is (-81)/(-45) - (-23816856)/105 prime?
False
Suppose -41*t + 113*t = 48*t + 42587736. Is t a prime number?
True
Let f(h) be the second derivative of -h**5/4 + 5*h**4/12 - 7*h**3/3 - 3*h**2/2 - 9*h. Let l be f(8). Is (l/6 + -1)/(2/(-4)) a prime number?
True
Suppose 100*h = 133*h - 14173269. Is h a composite number?
True
Let c(r) be the third derivative of 127*r**5/60 + r**4/4 - 25*r**3/6 - 3*r**2 + 19*r. Is c(6) prime?
True
Let m(p) = 1388*p**2 + 163*p + 2344. Is m(-13) composite?
True
Let f(u) = -3*u**3 - 31*u**2 + 35*u - 38. Let z be ((884/20)/(-13))/((-1)/(-5)). Is f(z) a composite number?
False
Is (20 + 1771/(-92))*455684/3 prime?
True
Let i(f) = 2*f - 9. Let s be i(8). Suppose -3*l + s*l = -160. Is (-4390)/l + (-3)/4 a composite number?
False
Let z = 37 - 34. Suppose -3*i - z*i + 12 = 0. Suppose -2351 = -5*j - 2*b, -4*j + b = -i*b - 1890. Is j a prime number?
False
Is 85*(-49431)/15*9/(-5 + -4) prime?
False
Suppose 48*y - 47*y + o = 1, 5*o + 1 = -3*y. Suppose -19395 - 3422 = -y*v + 5*n, n = 5*v - 38043. Is v a composite number?
True
Let m(l) = -1840*l**2 - 2*l + 2. Let f be m(1). Let o = 1059 - f. Is o composite?
True
Suppose c + 14656 = 5*c - 4*q, -18316 = -5*c + q. Let r = c + -1336. Is r a prime number?
False
Suppose 0 = 5*a - 2*a - 3*v + 81, -3*v = 3*a + 87. Suppose -3*x - 509 = 148. Let d = a - x. Is d composite?
False
Suppose 5*v + 5*c = 18 + 17, -4*c = 3*v - 24. Suppose 4*a - 5*u = 10124, 8*a + u - 10124 = v*a. Is a composite?
False
Let j(n) = n**3 - 5*n**2 - 4*n + 24. Let c be j(5). Suppose 0 = c*k - 1122 - 1826. Is k composite?
True
Suppose 62*q - 263*q = -13988193. Is q a composite number?
False
Let f(g) be the second derivative of 11/2*g**2 - 11/12*g**4 + 12*g + 0 - 13/20*g**5 - 1/6*g**3. Is f(-6) a composite number?
True
Let h(o) be the second derivative of -3*o**5/4 + o**4/3 - 29*o**3/6 + 19*o**2/2 + 118*o. Is h(-13) composite?
True
Let s be (3/(-2))/((-1)/((-32)/(-12))). Suppose 1908 = s*